{"id":24,"date":"2017-03-06T21:47:44","date_gmt":"2017-03-06T19:47:44","guid":{"rendered":"https:\/\/lingusta.com.tr\/blog\/?page_id=24"},"modified":"2025-05-26T18:54:11","modified_gmt":"2025-05-26T15:54:11","slug":"iletisim","status":"publish","type":"page","link":"https:\/\/lingusta.com.tr\/blog\/iletisim\/","title":{"rendered":"\u0130leti\u015fim"},"content":{"rendered":"<div class=\"wpcf7 no-js\" id=\"wpcf7-f23-o1\" lang=\"tr-TR\" dir=\"ltr\" data-wpcf7-id=\"23\">\n<div class=\"screen-reader-response\"><p role=\"status\" aria-live=\"polite\" aria-atomic=\"true\"><\/p> <ul><\/ul><\/div>\n<form action=\"\/blog\/wp-json\/wp\/v2\/pages\/24#wpcf7-f23-o1\" method=\"post\" class=\"wpcf7-form init\" aria-label=\"Contact form\" novalidate=\"novalidate\" data-status=\"init\">\n<fieldset class=\"hidden-fields-container\"><input type=\"hidden\" name=\"_wpcf7\" value=\"23\" \/><input type=\"hidden\" name=\"_wpcf7_version\" value=\"6.1.1\" \/><input type=\"hidden\" name=\"_wpcf7_locale\" value=\"tr_TR\" \/><input type=\"hidden\" name=\"_wpcf7_unit_tag\" value=\"wpcf7-f23-o1\" \/><input type=\"hidden\" name=\"_wpcf7_container_post\" value=\"0\" \/><input type=\"hidden\" name=\"_wpcf7_posted_data_hash\" value=\"\" \/>\n<\/fieldset>\n<p><label> Ad\u0131n\u0131z (gerekli)<br \/>\n<span class=\"wpcf7-form-control-wrap\" data-name=\"your-name\"><input size=\"40\" maxlength=\"400\" class=\"wpcf7-form-control wpcf7-text wpcf7-validates-as-required\" aria-required=\"true\" aria-invalid=\"false\" value=\"\" type=\"text\" name=\"your-name\" \/><\/span> <\/label>\n<\/p>\n<p><label> Epostan\u0131z (gerekli)<br \/>\n<span class=\"wpcf7-form-control-wrap\" data-name=\"your-email\"><input size=\"40\" maxlength=\"400\" class=\"wpcf7-form-control wpcf7-email wpcf7-validates-as-required wpcf7-text wpcf7-validates-as-email\" aria-required=\"true\" aria-invalid=\"false\" value=\"\" type=\"email\" name=\"your-email\" \/><\/span> <\/label>\n<\/p>\n<p><label> Konu<br \/>\n<span class=\"wpcf7-form-control-wrap\" data-name=\"your-subject\"><input size=\"40\" maxlength=\"400\" class=\"wpcf7-form-control wpcf7-text\" aria-invalid=\"false\" value=\"\" type=\"text\" name=\"your-subject\" \/><\/span> <\/label>\n<\/p>\n<p><label> \u0130letiniz<br \/>\n<span class=\"wpcf7-form-control-wrap\" data-name=\"your-message\"><textarea cols=\"40\" rows=\"10\" maxlength=\"2000\" class=\"wpcf7-form-control wpcf7-textarea\" aria-invalid=\"false\" name=\"your-message\"><\/textarea><\/span> <\/label>\n<\/p>\n<p><input class=\"wpcf7-form-control wpcf7-submit has-spinner\" type=\"submit\" value=\"G\u00f6nder\" \/>\n<\/p><input type='hidden' class='wpcf7-pum' value='{\"closepopup\":false,\"closedelay\":0,\"openpopup\":false,\"openpopup_id\":0}' \/><div class=\"wpcf7-response-output\" aria-hidden=\"true\"><\/div>\n<\/form>\n<\/div>\n[vc_row][vc_column][vc_column_text single_style=&#8221;&#8221;]<strong>Ofis Adresimiz:<\/strong><\/p>\n<p><strong>Lingusta Bili\u015fim ve E\u011fitim Teknolojileri A.\u015e. (www.lingusta.com.tr)<\/strong><\/p>\n<p>Lingusta E\u011fitim ve Bilgi Teknolojileri Tic. Ltd. \u015eti.<br \/>\nKo\u015fuyolu Mah. Katip Salih Sok. No:60\/5 Ko\u015fuyolu, Kad\u0131k\u00f6y<\/p>\n<p><span class=\"title\">7\/24 E-Posta Deste\u011fi<br \/>\n<\/span>destek@lingusta.com.tr[\/vc_column_text][\/vc_column][\/vc_row]<\/p>\n","protected":false},"excerpt":{"rendered":"<p>[vc_row][vc_column][vc_column_text single_style=&#8221;&#8221;]Ofis Adresimiz: Lingusta Bili\u015fim ve E\u011fitim Teknolojileri A.\u015e. (www.lingusta.com.tr) Lingusta E\u011fitim ve Bilgi Teknolojileri Tic. Ltd. \u015eti. Ko\u015fuyolu Mah. Katip Salih Sok. No:60\/5 Ko\u015fuyolu, Kad\u0131k\u00f6y 7\/24 E-Posta Deste\u011fi destek@lingusta.com.tr[\/vc_column_text][\/vc_column][\/vc_row]<\/p>\n","protected":false},"author":1,"featured_media":0,"parent":0,"menu_order":0,"comment_status":"closed","ping_status":"closed","template":"","meta":{"om_disable_all_campaigns":false,"footnotes":""},"class_list":["post-24","page","type-page","status-publish"],"yoast_head":"<!-- This site is optimized with the Yoast SEO Premium plugin v14.7 - https:\/\/yoast.com\/wordpress\/plugins\/seo\/ -->\r\n<title>\u0130leti\u015fim - Lingusta<\/title>\r\n<meta name=\"robots\" content=\"index, follow\" \/>\r\n<meta name=\"googlebot\" content=\"index, follow, max-snippet:-1, max-image-preview:large, max-video-preview:-1\" \/>\r\n<meta name=\"bingbot\" content=\"index, follow, max-snippet:-1, max-image-preview:large, max-video-preview:-1\" \/>\r\n<link rel=\"canonical\" href=\"https:\/\/lingusta.com.tr\/blog\/iletisim\/\" \/>\r\n<meta property=\"og:locale\" content=\"tr_TR\" \/>\r\n<meta property=\"og:type\" content=\"article\" \/>\r\n<meta property=\"og:title\" content=\"\u0130leti\u015fim - Lingusta\" \/>\r\n<meta property=\"og:description\" content=\"[vc_row][vc_column][vc_column_text single_style=&#8221;&#8221;]Ofis Adresimiz: Lingusta Bili\u015fim ve E\u011fitim Teknolojileri A.\u015e. (www.lingusta.com.tr) Lingusta E\u011fitim ve Bilgi Teknolojileri Tic. Ltd. \u015eti. Ko\u015fuyolu Mah. Katip Salih Sok. No:60\/5 Ko\u015fuyolu, Kad\u0131k\u00f6y 7\/24 E-Posta Deste\u011fi destek@lingusta.com.tr[\/vc_column_text][\/vc_column][\/vc_row]\" \/>\r\n<meta property=\"og:url\" content=\"https:\/\/lingusta.com.tr\/blog\/iletisim\/\" \/>\r\n<meta property=\"og:site_name\" content=\"Lingusta\" \/>\r\n<meta property=\"article:publisher\" content=\"https:\/\/facebook.com\/lingustametodu\/\" \/>\r\n<meta property=\"article:modified_time\" content=\"2025-05-26T15:54:11+00:00\" \/>\r\n<meta name=\"twitter:card\" content=\"summary\" \/>\r\n<meta name=\"twitter:creator\" content=\"@LingustaEgitim\" \/>\r\n<meta name=\"twitter:site\" content=\"@LingustaEgitim\" \/>\r\n<script type=\"application\/ld+json\" class=\"yoast-schema-graph\">{\"@context\":\"https:\/\/schema.org\",\"@graph\":[{\"@type\":\"Organization\",\"@id\":\"https:\/\/lingusta.com.tr\/blog\/#organization\",\"name\":\"LINGUSTA BILISIM VE EGITIM TEKNOLOJILERI ANONIM SIRKETI\",\"url\":\"https:\/\/lingusta.com.tr\/blog\/\",\"sameAs\":[\"https:\/\/facebook.com\/lingustametodu\/\",\"https:\/\/www.instagram.com\/lingustacomtr\/\",\"https:\/\/www.linkedin.com\/company\/lingusta-e-itim\",\"https:\/\/twitter.com\/LingustaEgitim\"],\"logo\":{\"@type\":\"ImageObject\",\"@id\":\"https:\/\/lingusta.com.tr\/blog\/#logo\",\"inLanguage\":\"tr\",\"url\":\"https:\/\/lingusta.com.tr\/blog\/wp-content\/uploads\/2024\/05\/Lingusta-Metodu.png\",\"width\":198,\"height\":64,\"caption\":\"LINGUSTA BILISIM VE EGITIM TEKNOLOJILERI ANONIM SIRKETI\"},\"image\":{\"@id\":\"https:\/\/lingusta.com.tr\/blog\/#logo\"}},{\"@type\":\"WebSite\",\"@id\":\"https:\/\/lingusta.com.tr\/blog\/#website\",\"url\":\"https:\/\/lingusta.com.tr\/blog\/\",\"name\":\"Lingusta\",\"description\":\"Ak\\u0131c\\u0131 \\u0130ngilizce Konu\\u015f\",\"publisher\":{\"@id\":\"https:\/\/lingusta.com.tr\/blog\/#organization\"},\"potentialAction\":[{\"@type\":\"SearchAction\",\"target\":\"https:\/\/lingusta.com.tr\/blog\/?s={search_term_string}\",\"query-input\":\"required name=search_term_string\"}],\"inLanguage\":\"tr\"},{\"@type\":\"WebPage\",\"@id\":\"https:\/\/lingusta.com.tr\/blog\/iletisim\/#webpage\",\"url\":\"https:\/\/lingusta.com.tr\/blog\/iletisim\/\",\"name\":\"\\u0130leti\\u015fim - Lingusta\",\"isPartOf\":{\"@id\":\"https:\/\/lingusta.com.tr\/blog\/#website\"},\"datePublished\":\"2017-03-06T19:47:44+00:00\",\"dateModified\":\"2025-05-26T15:54:11+00:00\",\"inLanguage\":\"tr\",\"potentialAction\":[{\"@type\":\"ReadAction\",\"target\":[\"https:\/\/lingusta.com.tr\/blog\/iletisim\/\"]}]}]}<\/script>\r\n<!-- \/ Yoast SEO Premium plugin. -->","_links":{"self":[{"href":"https:\/\/lingusta.com.tr\/blog\/wp-json\/wp\/v2\/pages\/24","targetHints":{"allow":["GET"]}}],"collection":[{"href":"https:\/\/lingusta.com.tr\/blog\/wp-json\/wp\/v2\/pages"}],"about":[{"href":"https:\/\/lingusta.com.tr\/blog\/wp-json\/wp\/v2\/types\/page"}],"author":[{"embeddable":true,"href":"https:\/\/lingusta.com.tr\/blog\/wp-json\/wp\/v2\/users\/1"}],"replies":[{"embeddable":true,"href":"https:\/\/lingusta.com.tr\/blog\/wp-json\/wp\/v2\/comments?post=24"}],"version-history":[{"count":5,"href":"https:\/\/lingusta.com.tr\/blog\/wp-json\/wp\/v2\/pages\/24\/revisions"}],"predecessor-version":[{"id":4513,"href":"https:\/\/lingusta.com.tr\/blog\/wp-json\/wp\/v2\/pages\/24\/revisions\/4513"}],"wp:attachment":[{"href":"https:\/\/lingusta.com.tr\/blog\/wp-json\/wp\/v2\/media?parent=24"}],"curies":[{"name":"wp","href":"https:\/\/api.w.org\/{rel}","templated":true}]}}